5.
5, 41, 1559
What are the prime factors of 1617196?
2, 7, 37, 223
What are the prime factors of 3550538?
2, 1775269
List the prime factors of 33404.
2, 7, 1193
List the prime factors of 195554.
2, 97777
List the prime factors of 2037402.
2, 3, 113189
List the prime factors of 491047.
569, 863
List the prime factors of 1446074.
2, 7, 103291
List the prime factors of 33479074.
2, 3221, 5197
What are the prime factors of 918493?
17, 97, 557
What are the prime factors of 253189?
47, 5387
List the prime factors of 152088.
2, 3, 6337
List the prime factors of 1431024.
2, 3, 7, 4259
What are the prime factors of 17231491?
17231491
What are the prime factors of 338327?
11, 30757
What are the prime factors of 727727?
7, 11, 13, 727
What are the prime factors of 63594?
2, 3, 3533
List the prime factors of 6562910.
2, 5, 656291
What are the prime factors of 301436?
2, 179, 421
What are the prime factors of 361971?
3, 37, 1087
What are the prime factors of 3859215?
3, 5, 257281
What are the prime factors of 557156?
2, 19, 7331
List the prime factors of 474194.
2, 7, 33871
List the prime factors of 5378888.
2, 197, 3413
List the prime factors of 1452183.
3, 484061
List the prime factors of 3144781.
277, 11353
List the prime factors of 1783460.
2, 5, 7, 12739
List the prime factors of 27224556.
2, 3, 613, 3701
List the prime factors of 4542206.
2, 53, 73, 587
What are the prime factors of 7042?
2, 7, 503
List the prime factors of 135520.
2, 5, 7, 11
List the prime factors of 112368.
2, 3, 2341
List the prime factors of 23302171.
23302171
List the prime factors of 2221887.
3, 37, 541
List the prime factors of 27473790.
2, 3, 5, 61, 15013
List the prime factors of 9547713.
3, 7, 1871
List the prime factors of 1666406.
2, 7, 37, 3217
List the prime factors of 88031.
47, 1873
List the prime factors of 6669299.
7, 13, 83, 883
List the prime factors of 14505.
3, 5, 967
List the prime factors of 580828.
2, 145207
List the prime factors of 1044390.
2, 3, 5, 31, 1123
What are the prime factors of 166689?
3, 18521
List the prime factors of 17031450.
2, 3, 5, 17, 6679
List the prime factors of 217321.
13, 73, 229
What are the prime factors of 162925?
5, 7, 19
List the prime factors of 245566.
2, 199, 617
List the prime factors of 411280.
2, 5, 53, 97
What are the prime factors of 9418097?
13, 724469
List the prime factors of 8701003.
337, 25819
What are the prime factors of 72433?
113, 641
List the prime factors of 8116469.
8116469
What are the prime factors of 5407338?
2, 3, 101, 8923
What are the prime factors of 29715651?
3, 7, 471677
What are the prime factors of 47586?
2, 3, 7, 11, 103
What are the prime factors of 6434826?
2, 3, 1072471
What are the prime factors of 10483588?
2, 2620897
List the prime factors of 13058702.
2, 67, 97453
What are the prime factors of 467519?
13, 35963
List the prime factors of 452426.
2, 13, 17401
List the prime factors of 2611341.
3, 19, 15271
List the prime factors of 48865.
5, 29, 337
What are the prime factors of 645899?
709, 911
What are the prime factors of 20079236?
2, 269, 18661
What are the prime factors of 2580654?
2, 3, 383, 1123
What are the prime factors of 442873?
107, 4139
List the prime factors of 225767.
225767
What are the prime factors of 198302?
2, 13, 29, 263
What are the prime factors of 23645?
5, 4729
List the prime factors of 122937.
3, 43, 953
What are the prime factors of 5759859?
3, 7, 157, 1747
List the prime factors of 274939.
7, 31, 181
List the prime factors of 330645.
3, 5, 7, 47, 67
List the prime factors of 3095193.
3, 1031731
What are the prime factors of 113912?
2, 29, 491
What are the prime factors of 14608613?
67, 337, 647
List the prime factors of 55069.
7, 7867
What are the prime factors of 7508?
2, 1877
What are the prime factors of 13222550?
2, 5, 11, 29, 829
What are the prime factors of 36597938?
2, 13, 1407613
What are the prime factors of 239369?
13, 18413
List the prime factors of 183126.
2, 3, 23, 1327
List the prime factors of 2264441.
107, 21163
What are the prime factors of 34323527?
7, 17, 288433
What are the prime factors of 728732?
2, 23, 89
What are the prime factors of 19939307?
19939307
List the prime factors of 239244.
2, 3, 19937
List the prime factors of 28218.
2, 3, 4703
List the prime factors of 8191022.
2, 7, 585073
List the prime factors of 395609.
41, 9649
What are the prime factors of 33838976?
2, 17, 15551
What are the prime factors of 27115585?
5, 7, 43, 419
What are the prime factors of 8568357?
3, 7, 17, 24001
List the prime factors of 14599241.
14599241
What are the prime factors of 31511376?
2, 3, 13, 31, 181
List the prime factors of 172003.
13, 101, 131
What are the prime factors of 4673141?
11, 3511
List the prime factors of 245938.
2, 7, 11, 1597
What are the prime factors of 937676?
2, 53, 4423
What are the prime factors of 2214420?
2, 3, 5, 13, 17, 167
List the prime factors of 1822420.
2, 5, 91121
List the prime factors of 5068857.
3, 823, 2053
What are the prime factors of 54740?
2, 5, 7, 17, 23
List the prime factors of 1563823.
109, 14347
What are the prime factors of 408794?
2, 204397
What are the prime factors of 3203893?
7, 11, 41609
What are the prime factors of 6841616?
2, 17, 25153
List the prime factors of 169060.
2, 5, 79, 107
What are the prime factors of 52150?
2, 5, 7, 149
List the prime factors of 17218631.
227, 75853
List the prime factors of 4697500.
2, 5, 1879
List the prime factors of 1815053.
1815053
List the prime factors of 2969156.
2, 742289
List the prime factors of 1193056.
2, 23, 1621
What are the prime factors of 176601?
3, 37, 43
What are the prime factors of 610862?
2, 7, 43633
What are the prime factors of 362309?
362309
List the prime factors of 142115.
5, 43, 661
What are the prime factors of 1590370?
2, 5, 359, 443
What are the prime factors of 238377?
3, 181, 439
List the prime factors of 35002.
2, 11, 37, 43
What are the prime factors of 736909?
71, 97, 107
List the prime factors of 2066430.
2, 3, 5, 68881
List the prime factors of 1079714.
2, 367, 1471
List the prime factors of 635017.
47, 59, 229
What are the prime factors of 4105715?
5, 821143
What are the prime factors of 930730?
2, 5, 163, 571
What are the prime factors of 67355?
5, 19, 709
List the prime factors of 496973.
29, 17137
What are the prime factors of 504617?
504617
List the prime factors of 3486469.
7, 173, 2879
List the prime factors of 766834.
2, 383417
List the prime factors of 983108.
2, 7, 35111
What are the prime factors of 5647794?
2, 3, 941299
List the prime factors of 8097918.
2, 3, 1109, 1217
List the prime factors of 1886696.
2, 7, 4813
List the prime factors of 2736789.
3, 11, 239, 347
What are the prime factors of 5917187?
23, 31, 43, 193
What are the prime factors of 5560073?
5560073
What are the prime factors of 11933788?
2, 41, 72767
What are the prime factors of 170522?
2, 11, 23, 337
What are the prime factors of 38530?
2, 5, 3853
What are the prime factors of 18324905?
5, 23, 159347
What are the prime factors of 4745991?
3, 19, 53, 1571
List the prime factors of 21766224.
2, 3, 547, 829
List the prime factors of 1775762.
2, 79, 11239
List the prime factors of 271260.
2, 3, 5, 11, 137
List the prime factors of 2024261.
2024261
What are the prime factors of 927669?
3, 309223
What are the prime factors of 1599621?
3, 37, 14411
List the prime factors of 10361049.
3, 59, 58537
What are the prime factors of 1118455?
5, 13, 17207
List the prime factors of 233853.
3, 77951
What are the prime factors of 61169?
61169
What are the prime factors of 6490961?
6490961
What are the prime factors of 414695?
5, 82939
What are the prime factors of 6154570?
2, 5, 23, 26759
List the prime factors of 1690216.
2, 11, 19207
What are the prime factors of 225585?
3, 5, 557
What are the prime factors of 163410?
2, 3, 5, 13, 419
What are the prime factors of 1188877?
41, 107, 271
List the prime factors of 567950.
2, 5, 37, 307
List the prime factors of 10521557.
23, 457459
List the prime factors of 2294321.
2294321
What are the prime factors of 17875476?
2, 3, 683, 727
List the prime factors of 207145.
5, 17, 2437
What are the prime factors of 12354516?
2, 3, 113, 3037
List the prime factors of 10847657.
41, 264577
List the prime factors of 2427030.
2, 3